. Suppose 0 = 4*b + q + 548, -2*b + 5*q - 31 = 265. Let j = y + b. What are the prime factors of j?
7, 17
Let c = -13 - -15. Suppose f - 8 = 2*s, -c*f = 4*s - 3*f + 16. What are the prime factors of s/((-8)/133) - 1/2?
2, 3, 11
Let f(p) = -5485*p**2 - 24*p + 45. Let h(q) = 1097*q**2 + 5*q - 9. Let k(v) = 2*f(v) + 11*h(v). What are the prime factors of k(1)?
3, 5, 73
Suppose 36*o + 2*u - 164 = 39*o, -3*u + 116 = -2*o. Let h(z) = -105*z - 1. Let c be h(-1). Let x = o + c. List the prime factors of x.
2, 13
Let o(l) be the second derivative of l**3/6 - 9*l**2/2 - 27*l. Let t be o(3). Let d(a) = 4*a**2 - 13*a - 4. List the prime factors of d(t).
2, 109
Let s(p) = -33*p - 225. Let n be s(-7). What are the prime factors of 2/(n + (4839/(-807))/1)?
2, 269
Suppose b - 6*b - 5*o = -541905, 0 = 3*b + 2*o - 325140. Suppose -22*m + 76*m = b. What are the prime factors of m?
3, 223
Let u(o) be the first derivative of -o**2/2 - 6*o - 7. Let j be u(-5). What are the prime factors of 162*(j + (-9)/(-6))?
3
Suppose 0 = 3*t - 0*t - 4*m + 26, 2*t - 4*m + 24 = 0. Let i = -128 + t. List the prime factors of 2/(1*(-4)/i).
5, 13
Suppose -5*s + 2*b + 17 = -2*b, 0 = s + b - 7. Let u = s - -11. What are the prime factors of (645/10)/(12/u)?
2, 43
Let p = 1255 + 3425. List the prime factors of p.
2, 3, 5, 13
Let l(d) be the third derivative of 0*d + 13/12*d**4 + 11*d**2 + 5/6*d**3 + 1/30*d**5 + 0. List the prime factors of l(-14).
3, 11
Let j be ((42/(-35))/(4/10))/(-1). What are the prime factors of (3 - 33/9) + 224/j?
2, 37
Suppose -3*u = -3*l + 3, -u + 7*l = 4*l - 9. Let z(m) = m**3 + 6*m**2 + 3*m - 8. Let x be z(u). List the prime factors of ((-60)/(-36))/(-2 - x/12).
2, 5
Let g be 4 + 0 - (2 - 409). Let u = g - 174. Suppose -5*s - 2 = -u. What are the prime factors of s?
47
Let y be (-288744)/552 + 2/23. Let m = y + 2208. What are the prime factors of m?
5, 337
Let r = -10443 - -27044. What are the prime factors of r?
13, 1277
Let x = -304 + 289. Let l(k) = -31*k - 101. What are the prime factors of l(x)?
2, 7, 13
Let q be (-90)/(-315) - (-8125)/7. Let n = q - 676. List the prime factors of n.
5, 97
Let z(o) = 4*o**2 - 5*o + 6. Let v be (-8)/3*-11*(-21)/(-28). Suppose -3*r + 34 = -0*r + 4*i, 0 = -5*r + 2*i + v. What are the prime factors of z(r)?
2, 3, 5
Suppose u = -6*u + 7. Let c(t) = t + 3. Let n be c(u). Suppose -n*h - 471 = -7*h. What are the prime factors of h?
157
Let g = -893 + 341. Let p = -185 - g. What are the prime factors of p?
367
Suppose -w + 21 = -4*z - 21, 4*w - 36 = 4*z. Let i = 0 - z. Suppose 6*q + 155 = 3*y + i*q, 100 = 2*y + 5*q. What are the prime factors of y?
5, 11
Let g be 3584/96*(-29)/(-2)*3. Suppose -4*s = 3*f - 1558, -4*s = -3*f - g + 78. What are the prime factors of s?
2, 97
Suppose -2*k - 4 = 4*s + 2, 2*s = -2*k - 8. Suppose 2*w = -2*v + 3*w + 2, -4*w = 0. List the prime factors of (v - 0/s)*42*1.
2, 3, 7
Let t be (-88)/(-6)*(11*-3)/(-1). Let c = 364 + t. Suppose -4 = -2*y, 5*b - 9*y + 8*y - c = 0. What are the prime factors of b?
2, 5, 17
Let k = -6 + 45. Suppose -2*f = 5*d - k, 3*d - 5*f - 6 = 4*d. Let x(g) = 15*g + 37. What are the prime factors of x(d)?
2, 43
Suppose 2*i = -3*s + 47264, -3*i - 26*s + 70948 = -28*s. What are the prime factors of i?
2, 23, 257
Let f(h) be the first derivative of h**4/4 - h**3 - 9*h - 621. Suppose -5*o = -5*g + 10, 5*g - 11 = 3*o + 3. What are the prime factors of f(g)?
7
Let w(g) = 2*g**2 + g - 15. Let x = -126 - -139. List the prime factors of w(x).
2, 3, 7
Suppose 0 = -4*c - 2*k + 19042, -32*c - 2*k = -30*c - 9520. What are the prime factors of c?
3, 23
Let d be ((-33)/9)/((-2)/18 - 0). Let a = 29 - d. What are the prime factors of (-268)/(-1) + 0/(1 + a)?
2, 67
Let l(m) be the second derivative of -2*m**3 - 75*m**2 - 103*m. What are the prime factors of l(-39)?
2, 3, 53
Let k(x) = -357*x - 931. What are the prime factors of k(-24)?
7, 1091
Suppose 0 = -2*m + 11 + 159. Suppose 378*t + 28 = w + 381*t, w - 3*t = 64. Let a = m - w. List the prime factors of a.
3, 13
Let q(o) = 2605*o + 2054. List the prime factors of q(16).
2, 3, 37, 197
Suppose -360 = 20*x - 24*x - 5*d, 4*d = -x + 90. Suppose y - 284 = 2*c, -2*c + 214 = y - x. What are the prime factors of y?
2, 3, 7
Suppose -14 = 5*v - 4*w, 0*v = 2*v + 4*w. Let n be 225/(-27)*(12/(-5))/2. List the prime factors of v/n - (2 + (-2144)/20).
3, 5, 7
Suppose 1210959 - 120672 = 33*o. List the prime factors of o.
3, 3671
Let x = 35 + -33. Let c(l) = 6*l**x + l + 12*l**3 + 1 - 7*l**2 + 7*l**3. List the prime factors of c(1).
2, 5
Let j = 877 + 1460. Suppose -2*s = -4*i + 579 - j, -s - 5*i = -900. List the prime factors of s.
3, 5, 59
Let l = 118 - 115. Let b(g) = 17*g**3 - 2*g**2 - 11. List the prime factors of b(l).
2, 5, 43
Suppose -2*d + 41 = -7. List the prime factors of -2 + (-204)/(-18)*d.
2, 3, 5
Let b(j) = 2470*j**2 + 183*j + 34. List the prime factors of b(-5).
60869
Suppose -133572 - 302689 = -107*u - 90972. What are the prime factors of u?
7, 461
Let j be ((-10458)/72)/(1/8). Let g = j + 1702. Suppose 4*n - g = -148. What are the prime factors of n?
2, 7
Suppose 3*t = o - 7424, -45*o + t = -41*o - 29619. List the prime factors of o.
11, 673
Let i(x) = -3*x + 238. Let p be i(-12). Suppose 3*q + p = 4*j, 14*q = 3*j + 13*q - 203. List the prime factors of j.
67
Suppose 0 = -3*b - 53*b + 76160. Let i = b - 214. List the prime factors of i.
2, 3, 191
List the prime factors of (36*3)/(10 + 41/(229805/(-56040))).
2, 3, 19, 59
Suppose -5*i = 3*z - 7476, 7*i - 2986 = 5*i + z. Suppose -7*f = -368 - i. List the prime factors of f.
2, 7, 19
Let j(k) = 33*k**3 + 60*k**2 + 87*k + 4. List the prime factors of j(10).
2, 19937
Suppose 228 = 4*d - 332. Let u = 226 - d. List the prime factors of u.
2, 43
Suppose -2*o - 248 + 100 = -2*v, -3*v = 5*o - 238. Suppose -h + 194 = -v. What are the prime factors of h?
2, 3, 5
Let r be 2678/((-15)/((-120)/16)). Let y = r - 670. What are the prime factors of y?
3, 223
Let c be 10/35 - (-7)/(98/528). Let x = 39 - c. Let z(l) = 87*l**3 - l + 2. List the prime factors of z(x).
2, 11
Suppose -3*b + 316 = 3*v + 43, b - 94 = -2*v. Suppose -32*o = -b - 104. List the prime factors of o.
2, 3
Let g = -1364 + 3212. Suppose -13*q + g = -1090. List the prime factors of q.
2, 113
Suppose -16 = -5*w + 7*w. Let f = 1 + w. What are the prime factors of (-6)/(-21) - 152/f?
2, 11
Let r(f) be the second derivative of 0*f**2 + 0 - 15*f + 1/20*f**5 + 1/2*f**3 + 1/6*f**4. List the prime factors of r(3).
2, 3
Suppose -c + 2099 = 4*p, 3*c - p + 2102 = 4*c. What are the prime factors of c?
3, 701
Let u(f) = -f**3 + 14*f**2 - 11*f + 13. Let o be u(11). Suppose -q + 2*v + 69 = 5*v, 4*q = -5*v + o. What are the prime factors of q?
2, 3, 5
Let a be ((-36397)/17)/(0 + -1). Let w = a + -985. What are the prime factors of w?
2, 17
Suppose -2*d = -3*s - 336 + 15290, -2*s + 9978 = 3*d. What are the prime factors of s?
2, 3, 277
Let f = -2116 - -2084. Suppose z = 2*z - 5. What are the prime factors of (z - 1)*(-248)/f?
31
Suppose -8 = 20*p - 22*p. Suppose -i + 14 = -3*m, -p*i - 8 = 5*m + 21. What are the prime factors of (-2 - -68) + i*2?
2
Suppose s - 15 = -15. Suppose s = -2*x - 140 - 618. Let k = -145 - x. What are the prime factors of k?
2, 3, 13
Suppose 0 = 17*i + 218 - 371. Suppose 991 = 2*n - 3*g, -i*g + 13*g + 1484 = 3*n. List the prime factors of n.
2, 61
Suppose -f - 3 = -5*i, -11*i - 3 = -14*i. Suppose -3*s - 4*u + 1511 = 0, u = s + f*s - 1501. What are the prime factors of s?
3, 167
Let s(n) = -5*n**3 - 14*n**2 - 2*n - 26. Let l be s(-10). Let u = -2419 + l. List the prime factors of u.
5, 47
Suppose 158*h = 163*h + 785. Let f = -31 - h. Suppose f = -43*v + 46*v. What are the prime factors of v?
2, 3, 7
What are the prime factors of ((-1)/(-3))/(((-112)/1368048)/(-7))?
11, 2591
Suppose -4*l + 24260 = -6004. List the prime factors of l.
2, 3, 13, 97
Suppose -30585 - 10590 = -25*j. Suppose m + 3*m - j = 5*q, -5*q + 1279 = 3*m. What are the prime factors of m?
2, 11, 19
Let x(k) = k**2 - 6*k + 8. Let h(f) = 6*f**2 - 30*f + 40. Let s(m) = 2*h(m) - 11*x(m). Let a = 28 + -24. List the prime factors of s(a).
2
Let b(l) = 4514*l + 468. List the prime factors of b(10).
2, 5701
Let n = -12794 - -18615. What are the prime factors of n?
5821
Let y(b) = 